mmon divisor of 752706 and 6.
6
What is the highest common divisor of 25585 and 2537?
43
Calculate the highest common divisor of 8 and 83284.
4
Calculate the highest common divisor of 232 and 522.
58
Calculate the greatest common factor of 19053 and 4437.
261
Calculate the greatest common divisor of 30393 and 3069.
99
Calculate the greatest common factor of 105 and 19390.
35
What is the greatest common divisor of 2129991 and 123?
123
Calculate the greatest common factor of 98 and 22141.
7
Calculate the greatest common divisor of 3056 and 8848.
16
What is the highest common factor of 649 and 1023?
11
What is the highest common factor of 129409 and 67032?
931
Calculate the greatest common factor of 5713 and 10244.
197
What is the highest common factor of 296378 and 9384?
782
Calculate the greatest common factor of 3300 and 259930.
110
What is the greatest common factor of 284614 and 221?
17
What is the highest common factor of 11375 and 108017?
91
Calculate the highest common factor of 30 and 57885.
15
Calculate the highest common factor of 15360 and 1080.
120
Calculate the highest common divisor of 468448 and 32.
32
What is the greatest common factor of 10 and 1085090?
10
What is the highest common factor of 10848 and 688?
16
Calculate the highest common divisor of 194 and 2687482.
194
What is the highest common divisor of 34229 and 1456?
13
Calculate the greatest common divisor of 204 and 20604.
204
Calculate the highest common factor of 11910 and 150.
30
What is the highest common divisor of 8000 and 70?
10
Calculate the highest common divisor of 155 and 1519.
31
What is the greatest common factor of 68940 and 108?
36
Calculate the highest common factor of 6646736 and 48.
16
What is the greatest common factor of 355 and 1602115?
355
What is the highest common factor of 108091 and 209?
19
What is the greatest common divisor of 1472 and 333728?
32
Calculate the highest common divisor of 71142 and 668.
334
What is the greatest common factor of 1175 and 3425?
25
What is the highest common divisor of 5 and 39941?
1
Calculate the greatest common factor of 4206 and 42.
6
Calculate the highest common factor of 12574 and 5.
1
What is the highest common factor of 3201 and 207?
3
Calculate the greatest common divisor of 5005 and 17710.
385
What is the highest common factor of 1175 and 9633825?
1175
What is the greatest common divisor of 527 and 24614?
31
What is the greatest common divisor of 1047933 and 18?
9
What is the highest common factor of 135942 and 1630?
326
Calculate the greatest common factor of 958 and 48379.
479
Calculate the highest common divisor of 5254 and 568.
142
Calculate the highest common divisor of 20099 and 1616.
101
What is the greatest common factor of 115744 and 32?
32
Calculate the greatest common factor of 3653 and 637.
13
Calculate the greatest common divisor of 131 and 17523739.
131
What is the highest common divisor of 114260 and 725?
145
Calculate the highest common factor of 58526 and 13.
13
Calculate the greatest common divisor of 6 and 233754.
6
What is the highest common factor of 990 and 281985?
165
What is the highest common divisor of 10 and 32160?
10
What is the greatest common divisor of 5925 and 825?
75
Calculate the greatest common divisor of 29156 and 16.
4
Calculate the greatest common factor of 23280 and 264.
24
What is the highest common divisor of 395 and 571723?
79
Calculate the highest common factor of 3872 and 108064.
352
What is the highest common divisor of 165471 and 703?
19
What is the highest common divisor of 150 and 697275?
75
Calculate the highest common divisor of 409049 and 291.
97
Calculate the greatest common divisor of 56801 and 3595.
719
What is the highest common factor of 227286 and 18?
18
Calculate the highest common divisor of 11590 and 24320.
190
Calculate the greatest common factor of 210 and 5385.
15
What is the greatest common factor of 32412 and 8436?
444
Calculate the highest common divisor of 44237 and 1984.
31
What is the greatest common divisor of 3630 and 116490?
330
Calculate the greatest common divisor of 15099 and 1.
1
What is the highest common divisor of 1922085 and 7413?
1059
Calculate the highest common factor of 21 and 763665.
21
What is the greatest common factor of 1480750 and 10?
10
Calculate the greatest common divisor of 448 and 1022.
14
What is the highest common factor of 573276 and 11?
11
Calculate the greatest common factor of 73 and 1623301.
73
Calculate the highest common factor of 2548 and 187915.
637
Calculate the highest common factor of 76 and 110694.
38
Calculate the greatest common divisor of 12 and 53648.
4
What is the greatest common divisor of 1020 and 2355180?
1020
What is the greatest common divisor of 8349926 and 1222?
1222
Calculate the highest common factor of 360 and 79280.
40
Calculate the highest common factor of 2403 and 3026.
89
What is the highest common divisor of 292 and 206882?
146
Calculate the highest common factor of 425 and 1341130.
85
What is the highest common divisor of 42 and 171624?
6
What is the highest common divisor of 796 and 606154?
398
Calculate the greatest common divisor of 3122 and 1120.
14
Calculate the greatest common divisor of 784 and 79646.
14
What is the greatest common factor of 25068 and 30?
6
What is the greatest common divisor of 480 and 117960?
120
Calculate the greatest common divisor of 62 and 998696.
62
Calculate the greatest common divisor of 21088 and 2.
2
Calculate the greatest common divisor of 399 and 13509.
57
Calculate the highest common factor of 183 and 369111.
183
Calculate the highest common divisor of 1651 and 46969.
13
Calculate the greatest common factor of 88 and 427020.
44
Calculate the greatest common divisor of 448 and 1288.
56
Calculate the highest common factor of 489240 and 24.
24
Calculate the greatest common divisor of 158211 and 36.
9
Calculate the highest common divisor of 646483 and 469.
67
Calculate the greatest common factor of 86 and 1815761.
43
What is the greatest common factor of 2981 and 99?
11
What is the highest common divisor of 2201 and 11431?
71
What is the greatest common divisor of 1592 and 1192?
8
Calculate the greatest common factor of 485 and 8633.
97
Calculate the highest common factor of 96 and 1244.
4
Calculate the highest common divisor of 675 and 507450.
75
What is the highest common divisor of 790 and 50770?
10
Calculate the highest common factor of 21285 and 35145.
495
What is the highest common divisor of 960 and 532736?
64
What is the greatest common factor of 828 and 304920?
36
What is the highest common divisor of 407683 and 172?
43
Calculate the greatest common divisor of 15327 and 616617.
1179
Calculate the highest common factor of 6465 and 270.
15
What is the greatest common divisor of 3172 and 31232?
244
What is the highest common divisor of 110227 and 3172?
793
Calculate the greatest common divisor of 1318 and 38.
2
What is the greatest common divisor of 73491 and 2751?
393
What is the highest common factor of 11058 and 24852?
114
Calculate the greatest common divisor of 315590 and 418.
418
Calculate the highest common factor of 132 and 7942.
22
What is the greatest common factor of 768090 and 150?
30
What is the highest common factor of 3 and 7351?
1
Calculate the highest common divisor of 1410 and 33370.
470
Calculate the greatest common divisor of 16992 and 28872.
72
Calculate the greatest common divisor of 43700 and 37720.
460
What is the highest common divisor of 663 and 2301715?
221
Calculate the greatest common divisor of 351 and 7566.
39
What is the greatest common factor of 5 and 336390?
5
Calculate the greatest common divisor of 34650 and 396.
198
What is the greatest common factor of 72179 and 178?
89
Calculate the highest common factor of 14105 and 335.
5
What is the highest common divisor of 19179 and 351?
9
Calculate the greatest common divisor of 120 and 61740.
60
What is the greatest common factor of 207 and 1938509?
23
Calculate the greatest common factor of 2369 and 2781.
103
What is the highest common divisor of 14 and 2712?
2
Calculate the greatest common factor of 7476 and 3444.
84
What is the greatest common divisor of 109 and 45671?
109
What is the highest common factor of 442812 and 60?
12
Calculate the greatest com